l = -15 - -30. What is the greatest common factor of 1545 and l?
15
Let z be (116/(-87))/(2/(-6)). Let x be (-33 + -1)/(z/(-8)). What is the greatest common factor of x and 34?
34
Let g(a) = 5*a - 4. Suppose -7*h = -9*h + 2. Let x be g(h). Let y be ((-2)/8)/(x/(-52)). What is the greatest common divisor of y and 13?
13
Let i be (-13)/5 + (-2)/5. Let x = 177 + -148. Let n = x - i. Calculate the greatest common divisor of 288 and n.
32
Suppose -4*q + 3*m + 157 = 0, 2*q - q - 18 = 5*m. Suppose 0 = d + 2*d - 258. What is the greatest common factor of d and q?
43
Suppose -2418 = 125*o - 128*o. What is the highest common divisor of 62 and o?
62
Suppose b + 3*d - 2*d = 19, 4*b - 3*d - 90 = 0. Let j = -13 + b. What is the greatest common divisor of 40 and j?
8
Suppose 0 = 4*b + 4*o + o - 783, 2*b + o - 393 = 0. Suppose -5*u + b = 3*w, 60 - 23 = u + 3*w. Calculate the greatest common divisor of u and 100.
20
Suppose -v + 4 = 1. Let o(w) = -w**2 - 10*w + 2. Let q be o(-5). What is the highest common factor of q and v?
3
Let b = 7 - 4. Suppose -r - b*r + 24 = 0. Suppose -5*p = -4*g + r, -8*p - 5*g + 28 = -4*p. Calculate the greatest common factor of 16 and p.
2
Let d be ((2 - 0) + -4)*-11. Let o = d + -20. What is the highest common divisor of o and 2?
2
Let t be -4 + 1 + -3 + 10. Calculate the highest common divisor of 328 and t.
4
Suppose 174 - 156 = w. What is the highest common divisor of w and 18?
18
Let c = 53 - 80. Let t = 29 + c. Suppose -3*j - 56 = -7*j. Calculate the greatest common divisor of j and t.
2
Let u be 261 + -6 + (6 - 1). What is the highest common divisor of 156 and u?
52
Let z be 5 + 268/(-8)*-10. Calculate the greatest common divisor of 40 and z.
20
Let g be ((-331)/(-6) + (-60)/(-72))*6. Calculate the highest common divisor of g and 42.
42
Suppose -3*o = -4*r - 5 - 22, -4*r - 3*o - 21 = 0. Let k = r + 0. Let t be k/(-10) - 216/(-15). What is the greatest common divisor of t and 60?
15
Let f(w) = -w**3 + 9*w**2 - w - 3. Let u be f(9). Let i be u - 4/1 - 2. Let y = i + 24. Calculate the greatest common divisor of y and 54.
6
Suppose 5*p - 5*r = 25, 3*p - 7*p = r - 30. Suppose p*q = 2*q - 4*w + 77, 5*q - 3*w = 56. What is the highest common factor of 52 and q?
13
Let t = 69 - 25. Let i = 76 - t. What is the highest common factor of 8 and i?
8
Suppose 5*c - 2 = 3*c. Let d be ((-3)/c)/(45/(-120)). Calculate the highest common factor of d and 4.
4
Let x = -9 - -14. Suppose -160 = -6*i + x*i. Suppose h - 7 = 5*l + 13, -3*h = 5*l - i. What is the greatest common factor of h and 5?
5
Let o = -18 - -18. Let p = o - -12. Suppose 0 = -p*d + 5*d + 56. Calculate the greatest common factor of 24 and d.
8
Suppose 2*b = -7 - 5. Let z(t) = t**3 + 8*t**2 + 2*t - 4. Let i be z(b). Calculate the greatest common factor of i and 42.
14
Let k be 2/(-6) + (-8875)/15. Let h be (-8)/(-36) + k/(-9). Calculate the greatest common factor of 6 and h.
6
Let c(o) = 2*o**2 + 16*o - 32. Let l be c(-9). Let n be (-36)/(-126) + (-136)/l. Calculate the highest common divisor of n and 25.
5
Let r be (-127)/(-7) - (-13)/(-91). What is the highest common factor of 45 and r?
9
Let j = 222 + -215. What is the greatest common factor of 2 and j?
1
Suppose -4*g = -8, 4*o - 5*g + 2 = -0*o. Let h be (11 - o)*88/6. Suppose u = -4*n + 52, -5*n - 8*u + 80 = -3*u. Calculate the greatest common factor of h and n.
12
Suppose -48 = -2*n - 0*n. Let b(z) = -9 + 21 + 2*z + 4*z**2 - 3*z**2 - 20. Let w be b(-6). Calculate the highest common factor of n and w.
8
Let s(y) = 19*y + 53. Let j be s(-8). Let d = -84 - j. Suppose 16 - 1 = 3*o. What is the highest common divisor of d and o?
5
Let t(f) = f**2 - 2*f - 24. Let c be t(7). Let u = 70 - 26. What is the highest common factor of u and c?
11
Suppose -6*r - 4*g + 233 = -r, -r = 3*g - 51. Let o be (1 - -8)*(2 + -1). What is the highest common divisor of r and o?
9
Suppose 0 = -25*d + 2686 + 639. Calculate the greatest common divisor of 57 and d.
19
Let r be -9 + 9 + 218 + 2. Calculate the highest common divisor of 132 and r.
44
Let y be ((-120)/100)/((-4)/270). Let r = -2 - -26. Suppose 0 = 5*d - r - 21. Calculate the greatest common divisor of y and d.
9
Let i(f) = f**3 - 2*f**2 + 5*f - 2. Let h be i(3). Let o = -27 + h. Let a be (-1318)/(-8) - o/20. Calculate the highest common factor of a and 15.
15
Let q(y) = -15*y + 3. Let s be q(-4). Suppose 0 = -3*g - 11 + 26. Suppose 24 - 69 = -g*w. What is the greatest common divisor of w and s?
9
Suppose -50 = -76*y + 73*y - 4*i, -i + 44 = 3*y. Let w(x) = -x**3 - 2*x**2 - 2*x + 2. Let z be w(-4). What is the highest common divisor of y and z?
14
Let z be 12*((-17)/(-2) - 7). Calculate the greatest common divisor of z and 558.
18
Suppose 146 = -9*i + 200. What is the highest common divisor of 678 and i?
6
Suppose -4*g + 27 = -3*b + 4, -3*g - 3*b = -12. Calculate the greatest common divisor of 320 and g.
5
Let z(w) = 5*w - 15. Let q be (-7 - 1)*18/(-24). Let m be z(q). What is the highest common divisor of m and 15?
15
Suppose 28 - 166 = -2*p + 2*z, -228 = -3*p - 4*z. Suppose -120 = 13*s - 8*s. Let h be (16 - 0) + s + 26. What is the greatest common factor of h and p?
18
Let u(x) be the second derivative of -2*x**3/3 - 15*x**2/2 - 24*x. Let d be u(-6). What is the greatest common factor of d and 81?
9
Suppose 3*f + 5*w = 30, -2*f + 4*f = -4*w + 22. Let g be -2 - (-8 + 1) - 0. What is the greatest common divisor of g and f?
5
Let b(o) = -54*o + 7. Let a be b(3). Let v = a + 267. Calculate the highest common divisor of v and 14.
14
Let m = -465 - -675. Let b = 482 - m. What is the greatest common divisor of b and 34?
34
Let j(m) = m**2 + m + 37. Let w be j(0). Suppose 103 = 5*s - w. Suppose -u = -2*u + 112. What is the greatest common divisor of u and s?
28
Suppose 2*h - 5*h = -102. Let m be 1/((-20)/(-12) - 2) + 20. Calculate the highest common factor of m and h.
17
Suppose 0 = -4*p + 5*r + 23, 0*p = 5*p - 2*r - 16. Suppose 0*u + 115 = u + p*s, 0 = 5*u + 2*s - 615. What is the highest common divisor of u and 25?
25
Let v be -6*-14*(-3)/(-12). What is the greatest common divisor of 3 and v?
3
Suppose 20*p - 15*p = 135. Let b(u) = 3*u**3 + u**2 + u - 3. Let j be b(2). Calculate the greatest common divisor of j and p.
27
Suppose 5*d = 1 + 9. Let x = d - 0. Suppose 2*o - o - 3*w - 32 = 0, x*w + 8 = 0. What is the highest common factor of 40 and o?
20
Suppose 2*r + 11 - 51 = 0. What is the highest common divisor of 1180 and r?
20
Let d(h) be the first derivative of -h**4/4 + 5*h**3/3 + 9*h**2/2 - 4*h - 4. Let t be d(6). What is the greatest common factor of t and 21?
7
Let l be ((-1)/((-2)/36))/((-6)/(-4)). Calculate the highest common factor of 6 and l.
6
Let f(b) = -57*b + 50. Let z be f(0). Calculate the greatest common factor of 180 and z.
10
Let c = 54 + -24. Suppose -c = -g - 6. Let z be ((-9)/2)/3*-2. What is the greatest common divisor of g and z?
3
Suppose 5*a = -5*a + 1400. Calculate the greatest common divisor of 56 and a.
28
Suppose 0 = 2*t - 42*t + 49880. What is the greatest common divisor of t and 43?
43
Let u be (4 + -3)/(2/80). Suppose 46 - 26 = 2*z. What is the greatest common factor of z and u?
10
Let u = 125 + -26. Suppose 4*k - 18 = -2*o, 0 = -2*o + 3*k - k - 6. Let p(c) = 12*c**2 - 2*c + 1. Let q be p(o). What is the highest common divisor of q and u?
11
Let z(a) = 3*a**2 - 4*a - 4. Let m(l) = -l**3 + l**2 - 4*l + 5. Let t be m(2). Let w be z(t). What is the highest common factor of 19 and w?
19
Let a(o) = -2*o - 30. Let g(h) = -3*h - 30. Let t(k) = -4*a(k) + 3*g(k). Let x be t(6). What is the highest common divisor of 6 and x?
6
Let p(q) = -q**3 - 7*q**2 + 3*q + 30. Let u be p(-7). Calculate the greatest common divisor of 4 and u.
1
Let r = -7 - -12. Let h = 20 - r. Suppose -3*k - 3*n = -0*n - h, -1 = -k - 2*n. What is the highest common factor of 36 and k?
9
Let h(s) = 7*s - 50. Let b be h(12). Calculate the highest common factor of b and 85.
17
Let d = 4023 + -6231. Let c = d + 4920. Let b be c/30 - 4/10. Calculate the highest common divisor of 36 and b.
18
Let h be -1 - (1 + 0 + 0). Let l = 0 - h. Suppose -5*i + l*p = -84, -20 = -3*i + 2*p + 28. Calculate the highest common factor of 2 and i.
2
Suppose f + 4*m = 130 + 50, 585 = 3*f - 3*m. Suppose 0 = -6*i - 0*i + 144. Calcul